. Suppose -368 = -t*s - 80. Calculate the highest common divisor of s and 90.
18
Let t be (3*(-2)/4)/(21/(-70)). What is the highest common divisor of 295 and t?
5
Let v = 9 + 19. Let l(h) = 13*h + 3. Let a be l(3). Calculate the greatest common divisor of v and a.
14
Let g = -219 + 405. Calculate the highest common divisor of g and 6.
6
Let s(y) = 3*y. Let t be s(15). Let i = 83 - t. Calculate the highest common factor of i and 190.
38
Suppose 18 = w + w. Let j = -6810 + 6864. What is the greatest common divisor of j and w?
9
Let y be (-4)/3*((-15)/2 + 3). Let n be ((-135)/y)/((-2)/4). What is the highest common divisor of n and 90?
45
Let a = 1103 - 707. What is the highest common factor of a and 22?
22
Suppose -24*a + 12*a + 2064 = 0. What is the highest common factor of a and 4?
4
Let l be 2/(-5)*(-5 - (-3510)/(-36)). Let k(c) = 34*c**3 - 2*c**2 - c. Let u be k(-1). Let n = l + u. Calculate the greatest common divisor of 36 and n.
6
Suppose 0 = 4*z - 2*g - 146, -2*g + 3*g + 107 = 3*z. What is the highest common divisor of z and 51?
17
Let w = -1237 - -1287. Suppose 0 = 5*t - 473 + 98. What is the highest common divisor of w and t?
25
Let m = 198 + -152. What is the greatest common factor of m and 138?
46
Let j(s) = -2*s**2 - 16*s + 3. Let u be j(-8). Suppose 4*v + 2*f = 50, -2*f = -4*v - 3*f + 55. Calculate the greatest common divisor of v and u.
3
Suppose -5*q - 2*u + 23 = 0, -31 + 10 = -4*q + u. Let g be 3/q + (-189)/15. Let s = -4 - g. What is the highest common factor of 4 and s?
4
Let i = -504 - -540. Calculate the highest common divisor of i and 16.
4
Let t = -14 + 16. Suppose 3*w = -12, t*w + 40 = 2*l + w. Suppose -3*h - 2*v + 12 + l = 0, 2*v = h - 18. Calculate the greatest common divisor of h and 12.
12
Let b be 9 + (16/2)/(-2). Suppose b = 5*c - 10. Suppose -3*q = c*m + q - 62, -m = q - 19. Calculate the greatest common divisor of m and 28.
14
Let h be 62 + (6/3 - -2). Let m = 110 - h. Calculate the highest common factor of m and 4.
4
Let o = -16 - -71. Let u = 326 - 161. Calculate the highest common factor of o and u.
55
Suppose m - 10 = -4*n, -2*m + 0*m = n + 15. Let f be m/((-200)/(-15)) + 1414/8. What is the greatest common divisor of 44 and f?
44
Let i(a) = 2*a - 6. Let c be i(4). Suppose c*n - 337 = 29. Let z = n + -111. Calculate the greatest common factor of z and 24.
24
Let l(i) = 30*i - 3. Let t be 2*(2 + (-20)/8)*-3. Let a be l(t). Calculate the highest common factor of a and 29.
29
Suppose 398*b - 25 = 393*b. Suppose n + 2*k - 12 = 0, 2*n = k + 25 - 6. What is the greatest common divisor of b and n?
5
Let b(f) = -18*f - 8. Let k be b(-1). What is the greatest common divisor of k and 530?
10
Let k = 464 - 124. What is the highest common factor of 34 and k?
34
Suppose 0 = -4*l + 2*s + 228, -2*l - 4*s + 7*s + 106 = 0. What is the highest common factor of 767 and l?
59
Let a = 1733 - 1173. Calculate the greatest common factor of 35 and a.
35
Suppose -70*v = -85*v + 810. Calculate the highest common factor of 297 and v.
27
Let l(s) = s**2 - s - 112. Let g be l(-13). Calculate the highest common factor of g and 10.
10
Let j be (-1 + 4)*19/(-285)*-15. What is the highest common factor of j and 87?
3
Let o be (192/(-20) - -12)*(-10)/(-1) + 3. Suppose 2*m - 3*n = 45, 0*m - 57 = -4*m - 5*n. What is the greatest common divisor of o and m?
9
Suppose 3*v = 5*l - 329, 2*v = -28*l + 25*l + 186. What is the highest common divisor of l and 2?
2
Suppose -4*c + 16 = -5*n + 114, -4*n + 3*c = -78. What is the highest common divisor of n and 90?
18
Let w(m) = 40*m**2 + m. Let s(d) = 80*d**2 + d - 1. Let c(b) = -3*s(b) + 7*w(b). Let n be c(-1). What is the highest common factor of n and 78?
39
Let r(l) be the third derivative of 0*l + 1/60*l**5 + 0 - 5/24*l**4 + 11*l**2 + 17/6*l**3. Let o be r(5). What is the greatest common factor of o and 34?
17
Let r(i) = -44*i + 1. Let l be r(-1). Suppose 2*c = -c + 135. Suppose -u + 4*g - 48 = -3*u, -3*g - c = -3*u. What is the highest common factor of u and l?
9
Suppose 4*w - 4*i = 1012, -4*w - 106*i = -104*i - 982. Calculate the greatest common factor of 96 and w.
8
Let h(i) = -7*i - 9*i - 2*i. Let d be h(-9). Calculate the greatest common divisor of 18 and d.
18
Let a be (-6)/(-21) - 102/14. Let n = a + 13. Let k(m) = -m**2 + 16*m - 6. Let u be k(n). What is the greatest common factor of u and 36?
18
Let y(g) = g**2 + 6*g - 2. Let q be y(-7). Suppose 4*w = q + 3. Suppose -w*o = 2*o - 176. Calculate the highest common factor of 4 and o.
4
Suppose 3*p + 152 = 254. What is the greatest common divisor of p and 17?
17
Let j(r) = -16*r - 1. Let t(n) = -n. Let m(w) = -j(w) - 5*t(w). Let p be m(4). Let k = -17 + 34. What is the highest common divisor of k and p?
17
Let f(g) = -4*g**2 - 5*g - 6. Let p be f(-2). Let b be (8/p)/1 + (-24)/(-9). What is the highest common divisor of 16 and b?
2
Suppose -5*t + 4*c + 100 = -c, -5*t + 4*c + 97 = 0. Let h = -214 + 350. What is the greatest common divisor of h and t?
17
Suppose -2*k + 20 = 2*d, 4*d = 8*d + 3*k - 36. What is the highest common divisor of 8 and d?
2
Suppose 0*l - l + 4 = 0. Suppose 3*v - 5*u = 4, -3*v + 70*u = 74*u - 40. Calculate the greatest common factor of l and v.
4
Let n(x) = x**3 - 28*x**2 - 86*x - 52. Let t be n(31). What is the highest common factor of 75 and t?
15
Let r be (-15)/(-4) - 3/4. Let h(c) = -2*c + 6. Let t be h(r). Suppose t*i + 9 = i. Calculate the greatest common divisor of i and 18.
9
Suppose -21*u + 16*u + 410 = -2*w, 4*w = 5*u - 400. What is the greatest common factor of u and 28?
28
Suppose 4*r = 2*g + 20 + 10, -5*r - 4*g + 57 = 0. Let t be 6/r*-6*39/(-12). Calculate the greatest common factor of 91 and t.
13
Let a(z) = z**3 - 10*z**2 + 34*z - 10. Let l be a(10). What is the greatest common factor of l and 30?
30
Let z(n) = -n**3 - 4*n**2 - 5*n + 5. Let l = 22 + -27. Let v be z(l). Let b(a) = 3*a + 4. Let d be b(6). What is the highest common divisor of d and v?
11
Let x = -40 + 47. Let p(s) = -s**2 + 13*s - 20. Let w be p(x). Let g be 2/(-8) - (-90)/8. What is the highest common factor of w and g?
11
Let g(o) be the first derivative of o**3/3 + 4*o**2 - 8*o - 12. Let s be g(-10). Calculate the greatest common divisor of 4 and s.
4
Let h = 199 - 178. What is the greatest common factor of h and 14?
7
Let f be -8 + 12 + (-6 - 1). Let y be f*(1765/3)/(-5). Suppose 124 = s + x, -y = -3*s + 4*x + 47. Calculate the greatest common divisor of 16 and s.
16
Let b = 894 + -844. Calculate the greatest common factor of b and 1475.
25
Let a = 0 - -2. Suppose -4*h = -5*h + a. Suppose 0 = y - h*y + 40. Calculate the highest common divisor of y and 8.
8
Suppose 0 = -35*m + 29*m - 66. Let x(y) = -4*y - 24. Let k be x(m). Calculate the highest common factor of k and 15.
5
Let z = -210 - -514. What is the greatest common divisor of z and 57?
19
Suppose 3*i - 5*o + 7*o = 474, 0 = -3*i - 4*o + 468. What is the highest common divisor of 20 and i?
20
Suppose -2 = 66*d - 65*d - 5*q, 0 = 4*q - 4. What is the greatest common divisor of 51 and d?
3
Suppose -135*j + 117*j = -720. What is the highest common factor of 1160 and j?
40
Let b be (-4)/30 + -1142*2/(-30). What is the highest common divisor of b and 19?
19
Suppose c = -4*z + 86, 4*c + z = 2*z + 259. Let k = 40 - 36. Suppose 0 = -k*p - p + 55. What is the highest common factor of p and c?
11
Suppose -7*i = -3*i - 972. Let x = -81 + i. Suppose -3*f + 34 + 20 = 0. Calculate the greatest common factor of x and f.
18
Let m(q) = -4*q - 4. Let t be m(-7). Suppose s = -s + t. Let o = s + -7. Calculate the highest common factor of 10 and o.
5
Suppose 23*h = 39*h - 320. Calculate the highest common factor of 5 and h.
5
Suppose -d + 12 = -4*d. Let s(k) = k**3 + 6*k**2 + 3*k - 5. Let u be s(d). Let v = 214 + -49. What is the greatest common divisor of v and u?
15
Suppose 0 = -5*l - 4*p - p - 5, 3*p + 1 = -4*l. Let w = -95 - -97. Calculate the greatest common factor of l and w.
2
Let a be (-1)/2 - 135/(-10). Let q = 918 + -528. Suppose -b + q = 5*b. What is the greatest common factor of a and b?
13
Suppose -5*u = 4*q + 76 + 34, -3*q + u = 73. Let o = q - -41. Calculate the greatest common divisor of o and 16.
16
Let n(v) = -v**3 - 5*v**2 - 3*v + 2. Let g be n(-6). Let o be (14/6)/((-102)/(-1224)). What 